{"id":224,"date":"2025-01-07T15:17:37","date_gmt":"2025-01-07T14:17:37","guid":{"rendered":"https:\/\/www.la-cambuse.fr\/?page_id=224"},"modified":"2025-08-23T20:07:41","modified_gmt":"2025-08-23T18:07:41","slug":"activites-regulieres-2","status":"publish","type":"page","link":"https:\/\/www.la-cambuse.fr\/?page_id=224","title":{"rendered":"Activit\u00e9s hebdomadaires, mensuelles, sur demande, avec les associations adh\u00e9rentes, b\u00e9n\u00e9volat et animation"},"content":{"rendered":"\n<p><\/p>\n\n\n\n<h2 class=\"wp-block-heading has-text-align-center\">Activit\u00e9s hebdomadaires<\/h2>\n\n\n\n<p><\/p>\n\n\n\n<p>Le caf\u00e9 est ouvert tous les mercredis, vendredis et samedis.<\/p>\n\n\n\n<h2 class=\"wp-block-heading\"><\/h2>\n\n\n\n<p>Au del\u00e0 de prendre un verre, discuter, jouer, lire.., vous pouvez profiter de la Cambuse pour partager plusieurs activit\u00e9s. Certaines sont hebdomadaires ou mensuelles.<\/p>\n\n\n\n<p><\/p>\n\n\n\n<p>En 2025-2026, <strong>TOUTES LES SEMAINES<\/strong>, retrouvez \u00e0 la Cambuse :<\/p>\n\n\n\n<ul class=\"wp-block-list\">\n<li><strong>Impro th\u00e9\u00e2trale<\/strong> jeudi 19h-21h avec Flora<\/li>\n\n\n\n<li><strong>\u00e9checs <\/strong> Vendredi 18h-19h avec Pascal<\/li>\n<\/ul>\n\n\n\n<div class=\"wp-block-columns is-layout-flex wp-container-core-columns-is-layout-28f84493 wp-block-columns-is-layout-flex\">\n<div class=\"wp-block-column is-layout-flow wp-block-column-is-layout-flow\" style=\"flex-basis:100%\">\n<figure class=\"wp-block-gallery has-nested-images columns-default is-cropped wp-block-gallery-1 is-layout-flex wp-block-gallery-is-layout-flex\">\n<figure class=\"wp-block-image size-large\"><img loading=\"lazy\" decoding=\"async\" width=\"1024\" height=\"1024\" data-id=\"316\" src=\"https:\/\/www.la-cambuse.fr\/wp-content\/uploads\/2025\/08\/WhatsApp-Image-2025-07-22-at-09.39.46-1-1024x1024.jpeg\" alt=\"\" class=\"wp-image-316\" srcset=\"https:\/\/www.la-cambuse.fr\/wp-content\/uploads\/2025\/08\/WhatsApp-Image-2025-07-22-at-09.39.46-1-1024x1024.jpeg 1024w, https:\/\/www.la-cambuse.fr\/wp-content\/uploads\/2025\/08\/WhatsApp-Image-2025-07-22-at-09.39.46-1-300x300.jpeg 300w, https:\/\/www.la-cambuse.fr\/wp-content\/uploads\/2025\/08\/WhatsApp-Image-2025-07-22-at-09.39.46-1-150x150.jpeg 150w, https:\/\/www.la-cambuse.fr\/wp-content\/uploads\/2025\/08\/WhatsApp-Image-2025-07-22-at-09.39.46-1-768x768.jpeg 768w, https:\/\/www.la-cambuse.fr\/wp-content\/uploads\/2025\/08\/WhatsApp-Image-2025-07-22-at-09.39.46-1.jpeg 1414w\" sizes=\"auto, (max-width: 1024px) 100vw, 1024px\" \/><\/figure>\n<\/figure>\n<\/div>\n<\/div>\n\n\n\n<figure class=\"wp-block-image size-large\"><img loading=\"lazy\" decoding=\"async\" width=\"1024\" height=\"576\" src=\"https:\/\/www.la-cambuse.fr\/wp-content\/uploads\/2025\/01\/Echecs-1-1024x576.png\" alt=\"\" class=\"wp-image-229\" srcset=\"https:\/\/www.la-cambuse.fr\/wp-content\/uploads\/2025\/01\/Echecs-1-1024x576.png 1024w, https:\/\/www.la-cambuse.fr\/wp-content\/uploads\/2025\/01\/Echecs-1-300x169.png 300w, https:\/\/www.la-cambuse.fr\/wp-content\/uploads\/2025\/01\/Echecs-1-768x432.png 768w, https:\/\/www.la-cambuse.fr\/wp-content\/uploads\/2025\/01\/Echecs-1-1536x864.png 1536w, https:\/\/www.la-cambuse.fr\/wp-content\/uploads\/2025\/01\/Echecs-1.png 1920w\" sizes=\"auto, (max-width: 1024px) 100vw, 1024px\" \/><\/figure>\n\n\n\n<div class=\"wp-block-group is-layout-grid wp-container-core-group-is-layout-478b6e6b wp-block-group-is-layout-grid\"><\/div>\n\n\n\n<p class=\"has-text-align-center\"><\/p>\n\n\n\n<h2 class=\"wp-block-heading has-text-align-center\">Activit\u00e9s mensuelles<\/h2>\n\n\n\n<p class=\"has-text-align-left\"><strong>UNE FOIS PAR MOIS<\/strong>, retrouvez :<\/p>\n\n\n\n<p><\/p>\n\n\n\n<ul class=\"wp-block-list\">\n<li>le repas des Familles (mercredi midi)<\/li>\n\n\n\n<li>le repas Youpi C&rsquo;est Samedi ! <\/li>\n\n\n\n<li>Soir\u00e9e Jeux (Vendredi soir) <\/li>\n\n\n\n<li>Rencontre hispanophone (samedi) <\/li>\n\n\n\n<li>Club d&rsquo;\u00e9crivain.e (dimanche) <\/li>\n\n\n\n<li>Rencontre Fils et Aiguilles (samedi) <\/li>\n<\/ul>\n\n\n\n<figure class=\"wp-block-gallery has-nested-images columns-default is-cropped wp-block-gallery-2 is-layout-flex wp-block-gallery-is-layout-flex\">\n<figure class=\"wp-block-image size-large\"><img loading=\"lazy\" decoding=\"async\" width=\"724\" height=\"1024\" data-id=\"231\" src=\"https:\/\/www.la-cambuse.fr\/wp-content\/uploads\/2025\/01\/Repas-des-Famille-724x1024.png\" alt=\"\" class=\"wp-image-231\" srcset=\"https:\/\/www.la-cambuse.fr\/wp-content\/uploads\/2025\/01\/Repas-des-Famille-724x1024.png 724w, https:\/\/www.la-cambuse.fr\/wp-content\/uploads\/2025\/01\/Repas-des-Famille-212x300.png 212w, https:\/\/www.la-cambuse.fr\/wp-content\/uploads\/2025\/01\/Repas-des-Famille-768x1086.png 768w, https:\/\/www.la-cambuse.fr\/wp-content\/uploads\/2025\/01\/Repas-des-Famille-1086x1536.png 1086w, https:\/\/www.la-cambuse.fr\/wp-content\/uploads\/2025\/01\/Repas-des-Famille-1448x2048.png 1448w, https:\/\/www.la-cambuse.fr\/wp-content\/uploads\/2025\/01\/Repas-des-Famille.png 1587w\" sizes=\"auto, (max-width: 724px) 100vw, 724px\" \/><\/figure>\n<\/figure>\n\n\n\n<figure class=\"wp-block-image size-large\"><img loading=\"lazy\" decoding=\"async\" width=\"724\" height=\"1024\" src=\"https:\/\/www.la-cambuse.fr\/wp-content\/uploads\/2025\/01\/Journee-hispanique-724x1024.jpg\" alt=\"\" class=\"wp-image-232\" srcset=\"https:\/\/www.la-cambuse.fr\/wp-content\/uploads\/2025\/01\/Journee-hispanique-724x1024.jpg 724w, https:\/\/www.la-cambuse.fr\/wp-content\/uploads\/2025\/01\/Journee-hispanique-212x300.jpg 212w, https:\/\/www.la-cambuse.fr\/wp-content\/uploads\/2025\/01\/Journee-hispanique-768x1086.jpg 768w, https:\/\/www.la-cambuse.fr\/wp-content\/uploads\/2025\/01\/Journee-hispanique-1086x1536.jpg 1086w, https:\/\/www.la-cambuse.fr\/wp-content\/uploads\/2025\/01\/Journee-hispanique-1448x2048.jpg 1448w, https:\/\/www.la-cambuse.fr\/wp-content\/uploads\/2025\/01\/Journee-hispanique.jpg 1587w\" sizes=\"auto, (max-width: 724px) 100vw, 724px\" \/><\/figure>\n\n\n\n<figure class=\"wp-block-image size-large\"><img loading=\"lazy\" decoding=\"async\" width=\"724\" height=\"1024\" src=\"https:\/\/www.la-cambuse.fr\/wp-content\/uploads\/2025\/01\/Soiree-jeux1-724x1024.jpg\" alt=\"\" class=\"wp-image-233\" srcset=\"https:\/\/www.la-cambuse.fr\/wp-content\/uploads\/2025\/01\/Soiree-jeux1-724x1024.jpg 724w, https:\/\/www.la-cambuse.fr\/wp-content\/uploads\/2025\/01\/Soiree-jeux1-212x300.jpg 212w, https:\/\/www.la-cambuse.fr\/wp-content\/uploads\/2025\/01\/Soiree-jeux1-768x1086.jpg 768w, https:\/\/www.la-cambuse.fr\/wp-content\/uploads\/2025\/01\/Soiree-jeux1-1086x1536.jpg 1086w, https:\/\/www.la-cambuse.fr\/wp-content\/uploads\/2025\/01\/Soiree-jeux1-1448x2048.jpg 1448w, https:\/\/www.la-cambuse.fr\/wp-content\/uploads\/2025\/01\/Soiree-jeux1.jpg 1587w\" sizes=\"auto, (max-width: 724px) 100vw, 724px\" \/><\/figure>\n\n\n\n<figure class=\"wp-block-image size-large\"><img loading=\"lazy\" decoding=\"async\" width=\"1024\" height=\"1024\" src=\"https:\/\/www.la-cambuse.fr\/wp-content\/uploads\/2025\/01\/Cafe-deco3-3-1024x1024.jpg\" alt=\"\" class=\"wp-image-234\" srcset=\"https:\/\/www.la-cambuse.fr\/wp-content\/uploads\/2025\/01\/Cafe-deco3-3-1024x1024.jpg 1024w, https:\/\/www.la-cambuse.fr\/wp-content\/uploads\/2025\/01\/Cafe-deco3-3-300x300.jpg 300w, https:\/\/www.la-cambuse.fr\/wp-content\/uploads\/2025\/01\/Cafe-deco3-3-150x150.jpg 150w, https:\/\/www.la-cambuse.fr\/wp-content\/uploads\/2025\/01\/Cafe-deco3-3-768x768.jpg 768w, https:\/\/www.la-cambuse.fr\/wp-content\/uploads\/2025\/01\/Cafe-deco3-3.jpg 1080w\" sizes=\"auto, (max-width: 1024px) 100vw, 1024px\" \/><\/figure>\n\n\n\n<p>N&rsquo;oubliez pas de vous inscrire ! <\/p>\n\n\n\n<h2 class=\"wp-block-heading has-text-align-center\">Activit\u00e9s sur demande <\/h2>\n\n\n\n<h2 class=\"wp-block-heading\"><\/h2>\n\n\n\n<p>ANNIVERSAIRE<\/p>\n\n\n\n<p>SUR DEMANDE, la Cambuse peut vous offrir d&rsquo;animer une f\u00eate d&rsquo;anniversaire. Devis sur demande en fonction du nombre de participant.es (Maximum 8 enfants)<\/p>\n\n\n\n<figure class=\"wp-block-image size-large\"><img loading=\"lazy\" decoding=\"async\" width=\"724\" height=\"1024\" src=\"https:\/\/www.la-cambuse.fr\/wp-content\/uploads\/2025\/01\/Anniversaire-724x1024.jpg\" alt=\"\" class=\"wp-image-236\" srcset=\"https:\/\/www.la-cambuse.fr\/wp-content\/uploads\/2025\/01\/Anniversaire-724x1024.jpg 724w, https:\/\/www.la-cambuse.fr\/wp-content\/uploads\/2025\/01\/Anniversaire-212x300.jpg 212w, https:\/\/www.la-cambuse.fr\/wp-content\/uploads\/2025\/01\/Anniversaire-768x1086.jpg 768w, https:\/\/www.la-cambuse.fr\/wp-content\/uploads\/2025\/01\/Anniversaire-1086x1536.jpg 1086w, https:\/\/www.la-cambuse.fr\/wp-content\/uploads\/2025\/01\/Anniversaire-1448x2048.jpg 1448w, https:\/\/www.la-cambuse.fr\/wp-content\/uploads\/2025\/01\/Anniversaire.jpg 1587w\" sizes=\"auto, (max-width: 724px) 100vw, 724px\" \/><\/figure>\n\n\n\n<div class=\"wp-block-group is-vertical is-layout-flex wp-container-core-group-is-layout-fe9cc265 wp-block-group-is-layout-flex\">\n<p><\/p>\n<\/div>\n\n\n\n<h2 class=\"wp-block-heading has-text-align-center\">Nos associations adh\u00e9rentes <\/h2>\n\n\n\n<p>Il est possible de mettre en place des partenariats avec des associations afin d&rsquo;organiser un repas, une soir\u00e9e, une activit\u00e9&#8230; Renseignez-vous aupr\u00e8s de Flora 07.82.64.58.28<\/p>\n\n\n\n<p><\/p>\n\n\n\n<h2 class=\"wp-block-heading has-text-align-center\">Et Vous ? <\/h2>\n\n\n\n<p><\/p>\n\n\n\n<p>Vous avez des id\u00e9es ? Envie de partager votre passion ? Nous sommes toujours \u00e0 la recherche de nouveaux moments de partage. <\/p>\n\n\n\n<p>Nous recherchons aussi activement des <strong>b\u00e9n\u00e9voles<\/strong> pour faire vivre ce lieu convivial<\/p>\n\n\n\n<p>Contactez-nous 07.82.64.58.28<\/p>\n\n\n\n<p><\/p>\n","protected":false},"excerpt":{"rendered":"<p>Activit\u00e9s hebdomadaires Le caf\u00e9 est ouvert tous les mercredis, vendredis et samedis. Au del\u00e0 de prendre un verre, discuter, jouer, lire.., vous pouvez profiter de la Cambuse pour partager plusieurs [&hellip;]<\/p>\n","protected":false},"author":1,"featured_media":0,"parent":0,"menu_order":0,"comment_status":"closed","ping_status":"closed","template":"","meta":{"_EventAllDay":false,"_EventTimezone":"","_EventStartDate":"","_EventEndDate":"","_EventStartDateUTC":"","_EventEndDateUTC":"","_EventShowMap":false,"_EventShowMapLink":false,"_EventURL":"","_EventCost":"","_EventCostDescription":"","_EventCurrencySymbol":"","_EventCurrencyCode":"","_EventCurrencyPosition":"","_EventDateTimeSeparator":"","_EventTimeRangeSeparator":"","_EventOrganizerID":[],"_EventVenueID":[],"_OrganizerEmail":"","_OrganizerPhone":"","_OrganizerWebsite":"","_VenueAddress":"","_VenueCity":"","_VenueCountry":"","_VenueProvince":"","_VenueState":"","_VenueZip":"","_VenuePhone":"","_VenueURL":"","_VenueStateProvince":"","_VenueLat":"","_VenueLng":"","_VenueShowMap":false,"_VenueShowMapLink":false,"footnotes":""},"class_list":["post-224","page","type-page","status-publish","hentry"],"_links":{"self":[{"href":"https:\/\/www.la-cambuse.fr\/index.php?rest_route=\/wp\/v2\/pages\/224","targetHints":{"allow":["GET"]}}],"collection":[{"href":"https:\/\/www.la-cambuse.fr\/index.php?rest_route=\/wp\/v2\/pages"}],"about":[{"href":"https:\/\/www.la-cambuse.fr\/index.php?rest_route=\/wp\/v2\/types\/page"}],"author":[{"embeddable":true,"href":"https:\/\/www.la-cambuse.fr\/index.php?rest_route=\/wp\/v2\/users\/1"}],"replies":[{"embeddable":true,"href":"https:\/\/www.la-cambuse.fr\/index.php?rest_route=%2Fwp%2Fv2%2Fcomments&post=224"}],"version-history":[{"count":11,"href":"https:\/\/www.la-cambuse.fr\/index.php?rest_route=\/wp\/v2\/pages\/224\/revisions"}],"predecessor-version":[{"id":318,"href":"https:\/\/www.la-cambuse.fr\/index.php?rest_route=\/wp\/v2\/pages\/224\/revisions\/318"}],"wp:attachment":[{"href":"https:\/\/www.la-cambuse.fr\/index.php?rest_route=%2Fwp%2Fv2%2Fmedia&parent=224"}],"curies":[{"name":"wp","href":"https:\/\/api.w.org\/{rel}","templated":true}]}}

Activités hebdomadaires, mensuelles, sur demande, avec les associations adhérentes, bénévolat et animation

<p></p>



<h2 class="wp-block-heading has-text-align-center">Activités hebdomadaires</h2>



<p></p>



<p>Le café est ouvert tous les mercredis, vendredis et samedis.</p>



<h2 class="wp-block-heading"></h2>



<p>Au delà de prendre un verre, discuter, jouer, lire.., vous pouvez profiter de la Cambuse pour partager plusieurs activités. Certaines sont hebdomadaires ou mensuelles.</p>



<p></p>



<p>En 2025-2026, <strong>TOUTES LES SEMAINES</strong>, retrouvez à la Cambuse :</p>



<ul class="wp-block-list">
<li><strong>Impro théâtrale</strong> jeudi 19h-21h avec Flora</li>



<li><strong>échecs </strong> Vendredi 18h-19h avec Pascal</li>
</ul>



<div class="wp-block-columns is-layout-flex wp-container-core-columns-is-layout-28f84493 wp-block-columns-is-layout-flex">
<div class="wp-block-column is-layout-flow wp-block-column-is-layout-flow" style="flex-basis:100%">
<figure class="wp-block-gallery has-nested-images columns-default is-cropped wp-block-gallery-1 is-layout-flex wp-block-gallery-is-layout-flex">
<figure class="wp-block-image size-large"><img loading="lazy" decoding="async" width="1024" height="1024" data-id="316" src="https://www.la-cambuse.fr/wp-content/uploads/2025/08/WhatsApp-Image-2025-07-22-at-09.39.46-1-1024x1024.jpeg" alt="" class="wp-image-316" srcset="https://www.la-cambuse.fr/wp-content/uploads/2025/08/WhatsApp-Image-2025-07-22-at-09.39.46-1-1024x1024.jpeg 1024w, https://www.la-cambuse.fr/wp-content/uploads/2025/08/WhatsApp-Image-2025-07-22-at-09.39.46-1-300x300.jpeg 300w, https://www.la-cambuse.fr/wp-content/uploads/2025/08/WhatsApp-Image-2025-07-22-at-09.39.46-1-150x150.jpeg 150w, https://www.la-cambuse.fr/wp-content/uploads/2025/08/WhatsApp-Image-2025-07-22-at-09.39.46-1-768x768.jpeg 768w, https://www.la-cambuse.fr/wp-content/uploads/2025/08/WhatsApp-Image-2025-07-22-at-09.39.46-1.jpeg 1414w" sizes="auto, (max-width: 1024px) 100vw, 1024px" /></figure>
</figure>
</div>
</div>



<figure class="wp-block-image size-large"><img loading="lazy" decoding="async" width="1024" height="576" src="https://www.la-cambuse.fr/wp-content/uploads/2025/01/Echecs-1-1024x576.png" alt="" class="wp-image-229" srcset="https://www.la-cambuse.fr/wp-content/uploads/2025/01/Echecs-1-1024x576.png 1024w, https://www.la-cambuse.fr/wp-content/uploads/2025/01/Echecs-1-300x169.png 300w, https://www.la-cambuse.fr/wp-content/uploads/2025/01/Echecs-1-768x432.png 768w, https://www.la-cambuse.fr/wp-content/uploads/2025/01/Echecs-1-1536x864.png 1536w, https://www.la-cambuse.fr/wp-content/uploads/2025/01/Echecs-1.png 1920w" sizes="auto, (max-width: 1024px) 100vw, 1024px" /></figure>



<div class="wp-block-group is-layout-grid wp-container-core-group-is-layout-478b6e6b wp-block-group-is-layout-grid"></div>



<p class="has-text-align-center"></p>



<h2 class="wp-block-heading has-text-align-center">Activités mensuelles</h2>



<p class="has-text-align-left"><strong>UNE FOIS PAR MOIS</strong>, retrouvez :</p>



<p></p>



<ul class="wp-block-list">
<li>le repas des Familles (mercredi midi)</li>



<li>le repas Youpi C&rsquo;est Samedi ! </li>



<li>Soirée Jeux (Vendredi soir) </li>



<li>Rencontre hispanophone (samedi) </li>



<li>Club d&rsquo;écrivain.e (dimanche) </li>



<li>Rencontre Fils et Aiguilles (samedi) </li>
</ul>



<figure class="wp-block-gallery has-nested-images columns-default is-cropped wp-block-gallery-2 is-layout-flex wp-block-gallery-is-layout-flex">
<figure class="wp-block-image size-large"><img loading="lazy" decoding="async" width="724" height="1024" data-id="231" src="https://www.la-cambuse.fr/wp-content/uploads/2025/01/Repas-des-Famille-724x1024.png" alt="" class="wp-image-231" srcset="https://www.la-cambuse.fr/wp-content/uploads/2025/01/Repas-des-Famille-724x1024.png 724w, https://www.la-cambuse.fr/wp-content/uploads/2025/01/Repas-des-Famille-212x300.png 212w, https://www.la-cambuse.fr/wp-content/uploads/2025/01/Repas-des-Famille-768x1086.png 768w, https://www.la-cambuse.fr/wp-content/uploads/2025/01/Repas-des-Famille-1086x1536.png 1086w, https://www.la-cambuse.fr/wp-content/uploads/2025/01/Repas-des-Famille-1448x2048.png 1448w, https://www.la-cambuse.fr/wp-content/uploads/2025/01/Repas-des-Famille.png 1587w" sizes="auto, (max-width: 724px) 100vw, 724px" /></figure>
</figure>



<figure class="wp-block-image size-large"><img loading="lazy" decoding="async" width="724" height="1024" src="https://www.la-cambuse.fr/wp-content/uploads/2025/01/Journee-hispanique-724x1024.jpg" alt="" class="wp-image-232" srcset="https://www.la-cambuse.fr/wp-content/uploads/2025/01/Journee-hispanique-724x1024.jpg 724w, https://www.la-cambuse.fr/wp-content/uploads/2025/01/Journee-hispanique-212x300.jpg 212w, https://www.la-cambuse.fr/wp-content/uploads/2025/01/Journee-hispanique-768x1086.jpg 768w, https://www.la-cambuse.fr/wp-content/uploads/2025/01/Journee-hispanique-1086x1536.jpg 1086w, https://www.la-cambuse.fr/wp-content/uploads/2025/01/Journee-hispanique-1448x2048.jpg 1448w, https://www.la-cambuse.fr/wp-content/uploads/2025/01/Journee-hispanique.jpg 1587w" sizes="auto, (max-width: 724px) 100vw, 724px" /></figure>



<figure class="wp-block-image size-large"><img loading="lazy" decoding="async" width="724" height="1024" src="https://www.la-cambuse.fr/wp-content/uploads/2025/01/Soiree-jeux1-724x1024.jpg" alt="" class="wp-image-233" srcset="https://www.la-cambuse.fr/wp-content/uploads/2025/01/Soiree-jeux1-724x1024.jpg 724w, https://www.la-cambuse.fr/wp-content/uploads/2025/01/Soiree-jeux1-212x300.jpg 212w, https://www.la-cambuse.fr/wp-content/uploads/2025/01/Soiree-jeux1-768x1086.jpg 768w, https://www.la-cambuse.fr/wp-content/uploads/2025/01/Soiree-jeux1-1086x1536.jpg 1086w, https://www.la-cambuse.fr/wp-content/uploads/2025/01/Soiree-jeux1-1448x2048.jpg 1448w, https://www.la-cambuse.fr/wp-content/uploads/2025/01/Soiree-jeux1.jpg 1587w" sizes="auto, (max-width: 724px) 100vw, 724px" /></figure>



<figure class="wp-block-image size-large"><img loading="lazy" decoding="async" width="1024" height="1024" src="https://www.la-cambuse.fr/wp-content/uploads/2025/01/Cafe-deco3-3-1024x1024.jpg" alt="" class="wp-image-234" srcset="https://www.la-cambuse.fr/wp-content/uploads/2025/01/Cafe-deco3-3-1024x1024.jpg 1024w, https://www.la-cambuse.fr/wp-content/uploads/2025/01/Cafe-deco3-3-300x300.jpg 300w, https://www.la-cambuse.fr/wp-content/uploads/2025/01/Cafe-deco3-3-150x150.jpg 150w, https://www.la-cambuse.fr/wp-content/uploads/2025/01/Cafe-deco3-3-768x768.jpg 768w, https://www.la-cambuse.fr/wp-content/uploads/2025/01/Cafe-deco3-3.jpg 1080w" sizes="auto, (max-width: 1024px) 100vw, 1024px" /></figure>



<p>N&rsquo;oubliez pas de vous inscrire ! </p>



<h2 class="wp-block-heading has-text-align-center">Activités sur demande </h2>



<h2 class="wp-block-heading"></h2>



<p>ANNIVERSAIRE</p>



<p>SUR DEMANDE, la Cambuse peut vous offrir d&rsquo;animer une fête d&rsquo;anniversaire. Devis sur demande en fonction du nombre de participant.es (Maximum 8 enfants)</p>



<figure class="wp-block-image size-large"><img loading="lazy" decoding="async" width="724" height="1024" src="https://www.la-cambuse.fr/wp-content/uploads/2025/01/Anniversaire-724x1024.jpg" alt="" class="wp-image-236" srcset="https://www.la-cambuse.fr/wp-content/uploads/2025/01/Anniversaire-724x1024.jpg 724w, https://www.la-cambuse.fr/wp-content/uploads/2025/01/Anniversaire-212x300.jpg 212w, https://www.la-cambuse.fr/wp-content/uploads/2025/01/Anniversaire-768x1086.jpg 768w, https://www.la-cambuse.fr/wp-content/uploads/2025/01/Anniversaire-1086x1536.jpg 1086w, https://www.la-cambuse.fr/wp-content/uploads/2025/01/Anniversaire-1448x2048.jpg 1448w, https://www.la-cambuse.fr/wp-content/uploads/2025/01/Anniversaire.jpg 1587w" sizes="auto, (max-width: 724px) 100vw, 724px" /></figure>



<div class="wp-block-group is-vertical is-layout-flex wp-container-core-group-is-layout-fe9cc265 wp-block-group-is-layout-flex">
<p></p>
</div>



<h2 class="wp-block-heading has-text-align-center">Nos associations adhérentes </h2>



<p>Il est possible de mettre en place des partenariats avec des associations afin d&rsquo;organiser un repas, une soirée, une activité&#8230; Renseignez-vous auprès de Flora 07.82.64.58.28</p>



<p></p>



<h2 class="wp-block-heading has-text-align-center">Et Vous ? </h2>



<p></p>



<p>Vous avez des idées ? Envie de partager votre passion ? Nous sommes toujours à la recherche de nouveaux moments de partage. </p>



<p>Nous recherchons aussi activement des <strong>bénévoles</strong> pour faire vivre ce lieu convivial</p>



<p>Contactez-nous 07.82.64.58.28</p>



<p></p>

<p>Activités hebdomadaires Le café est ouvert tous les mercredis, vendredis et samedis. Au delà de prendre un verre, discuter, jouer, lire.., vous pouvez profiter de la Cambuse pour partager plusieurs [&hellip;]</p>
